the third derivative of -11*f**4/24 - f**3/2 - 64*f**2 + f. Give x(o).
19
Let p(k) = k + 17. Let z be (-2 + 3 - 51)*79/(-158). Give p(z).
42
Let p(u) = -u**3 - 7*u**2 + 9*u. Suppose 0 = -v + 2, -3*i - 5*v + 92 = -4*v. Let b be ((-36)/(-15))/(i/(-100)). Give p(b).
-8
Let g(y) be the second derivative of 44*y + 0*y**2 + 0 + 1/6*y**3. Suppose b = -2*b - 5*n - 29, -2*b = 2*n + 14. Determine g(b).
-3
Let d(x) = 4*x + x + 532 - 581. Let r be d(10). Let h(p) = -19*p**2 + 1. Determine h(r).
-18
Let k = -179 - -187. Suppose -4*p - 12 = k. Let w(c) = -c**3 - 4*c**2 + 6*c - 4. Give w(p).
-9
Let o(f) = 49197 - 3*f - 49201 + 8*f. Let n(m) = 2*m - 2*m + m - 1. Let h(z) = 6*n(z) - o(z). What is h(5)?
3
Let r(f) = -3*f - 57. Let y be r(-18). Let w(a) = -7*a**3 - a**2. Let d(m) = 19*m**3 + 2*m**2 + m. Let x(k) = y*d(k) - 8*w(k). Calculate x(2).
-6
Let f(m) = 4685*m**3 - 77 + 4687*m**3 - 6*m + 2*m**2 - 16*m**2 - 9373*m**3. What is f(-14)?
7
Let d(l) be the third derivative of l**4/12 - l**3/3 + 86330*l**2. Let y(i) = 14*i + 1. Let x be y(1). Suppose 5*g + 7*o - 2*o = -10, x = -3*o. Determine d(g).
4
Let f(x) = 8*x + 64. Suppose -26 = 3*b - 4*k, -4*b + 3*k = -48 + 92. Determine f(b).
-48
Suppose -3*s = -c - 6 - 21, s = c + 21. Let h be 12/30 + c/(-30). Let a(d) = 7*d. What is a(h)?
7
Let k be 10 + -11 + 2/2. Suppose 4*a - 3*p - 6 = k, -2*a + a = p - 5. Suppose a*t - 12 = -t. Let g(u) = u**2 - 2*u - 4. Calculate g(t).
-1
Let g(n) = n**2 - 2*n + 27. Suppose -6*k = -2*j - 21 + 69, -3*j = -3*k - 24. Calculate g(k).
107
Let x(c) = -c**3 - 34*c**2 - 122*c - 14. Let q be x(-4). Let a(j) = -j - 4. Determine a(q).
2
Let j(i) be the third derivative of -4/3*i**3 + 0 - 1/6*i**4 + 62*i**2 + 0*i. Determine j(-4).
8
Let s = -8480 + 8490. Let z(l) = -4*l + 25. Determine z(s).
-15
Let z be -5*39/(-130)*2 - (6 - -1). Let f(t) = 38*t + 152. Give f(z).
0
Let w(o) = -o**3 + 7*o**2 - 9*o + 6. Let c = -2328 - -2333. What is w(c)?
11
Let t(s) be the second derivative of s**5/20 - s**4/2 - 7*s**2/2 + 19488*s. Let m = 15 - 9. Determine t(m).
-7
Let t be (-2 + -2 + 2)*(-5 - -3). Suppose -4*d + 28 = t*k, -4*d + 3*k = d - 11. Let p(f) = -6 + 11 - d + 2*f**2 + 2*f. What is p(-3)?
13
Let b(u) = -u**3 + 6*u**2 - 6*u + 1. Let n be 2*((-5 - -3) + 4)*1. Suppose -c + n = o, -7 - 5 = -3*o - 5*c. What is b(o)?
9
Let h(z) be the second derivative of 0 + 1/20*z**5 - 5/2*z**2 - 1/2*z**3 - 5/12*z**4 + 20*z. Determine h(6).
13
Let h(i) = -i - 6. Suppose -7*o - 476 + 490 = 0. Suppose 3*d + 2*k = 5*k + 18, -3*d + o*k + 16 = 0. Calculate h(d).
-10
Let a(d) = d**2 + 19*d + 17. Let o be 8/(8 + -40)*-12 - 18. Determine a(o).
-43
Suppose 0 = c - 5*p + 114, 0 = -0*c + c + 5*p + 114. Let r be 15/(-105) - c/14. Let a(v) = -v**2 + 9*v - 11. Calculate a(r).
-3
Let t be (12/10 - (-12)/15) + 13. Suppose -u - 3 = 2*b - t, 3*b = u + 8. Let c(d) = -28 + 31 - b*d - 3*d. Determine c(2).
-11
Let w(x) = -18*x + 44. Let t(n) = -64*n + 130. Let l(j) = 2*t(j) - 7*w(j). Determine l(-22).
-4
Let i(a) = a**2 + 7*a + 11. Suppose 250*f - 256*f = -174. Suppose g = -3*g - 5*z - f, 5*g = 4*z - 26. Calculate i(g).
5
Let x(f) = f**2 + 8*f + 3. Let a be x(-8). Let r(k) = 3*k - 3. Let b(i) = 20*i - 11 + 18*i - 34*i + 10. Let j(w) = a*r(w) - 2*b(w). What is j(-5)?
-12
Let v(f) = -f**2 - f + 1. Suppose -624*x = -630*x + 24. Suppose 5*n + 4*i = -32, -2*n + x*n - 7 = 5*i. Calculate v(n).
-11
Let a(b) be the first derivative of 12*b**2 + 2*b - 1632. Give a(-2).
-46
Let x(y) be the second derivative of y**4/12 - 5*y**3/3 + 21*y**2/2 + 3377*y. Determine x(5).
-4
Let u(y) = -7. Let m(g) = -g + 4. Let f(c) = -2*m(c) - 3*u(c). Calculate f(-5).
3
Let u be (-13)/2 - 1/2. Let p(c) = c**3 + 16*c**2 - 17*c + 3. Let r be p(-17). Let o(d) = 1 - 2*d**3 + d**r - d - 7*d**2 - 1 + 5. What is o(u)?
12
Let m(n) = -n**3 + 7*n**2 + 7*n - 2. Let w(x) be the second derivative of 7*x**4/12 + 5*x**3/3 - 9*x**2/2 - 105*x. Let y be w(1). What is m(y)?
-10
Let b(q) be the third derivative of -q**6/60 - 11*q**5/60 + q**4/12 - 7*q**3/6 - 255*q**2 + q. Give b(-5).
-42
Let f(u) = -3*u + 80. Let s be f(19). Suppose 0 = 4*w - 5 - s. Let l(a) = -a**3 + 7*a**2 + 10. What is l(w)?
10
Let c(d) = -d**2 + 12*d - 29. Let y be (24 + 1260/(-54))/(2/(-48)*-2). Give c(y).
3
Let j(t) = 3*t - 20. Let w be j(8). Let m(n) be the first derivative of -n**3/3 + n**2 + 3*n + 223. Determine m(w).
-5
Let h = 51 + -93. Let b be h/18 + (-6)/(-18). Let m(p) = -p**2 + 1. Calculate m(b).
-3
Let r(c) = 12 + 2 + 149*c - 137*c - 4 + 14. Determine r(-2).
0
Let h(z) be the third derivative of -5*z**4/24 - 5*z**3 - 2030*z**2. Give h(5).
-55
Let r = -20678 - -20670. Let g(m) = m**3 + 5*m**2 - 16*m + 62. Determine g(r).
-2
Suppose 0 = 3*h + 6, 2*h + 2 = x + 4*h. Let w(k) = -3*k - 18. Let c be w(-6). Let n(g) = -7*g - 2 + 14*g - 6*g + c. Determine n(x).
4
Let m(v) = 3*v**2 + 2*v - 1. Suppose -29*o + 235 + 345 = 0. Suppose -o*w + 15*w = -5. Determine m(w).
4
Let v(t) = t**2 - 10*t - 101. Suppose 49 = 4*h - 3*z, -151*h - 4*z - 28 = -154*h. What is v(h)?
-5
Let k(y) = 0*y**2 - 7 - 5*y + 5*y**2 + 11*y - 4*y**2 - 2*y. Suppose -3*z + 0*z - 21 = 0. Let w be -3*(-4)/6 + z. Calculate k(w).
-2
Let l(j) = 55*j - 23*j - 17*j + j**2 - 7 - 21*j. Let v be 3 - (-9 + 3)/3. What is l(v)?
-12
Let w(l) = l**2 - 9311*l - 2 + 0 + 9312*l. Let z(r) = r**3 + 8*r**2 + 7*r - 10. Let y(a) = -2*w(a) + z(a). What is y(-5)?
-6
Let r(g) = -9*g - 34. Let o = 3064 - 3069. Calculate r(o).
11
Let l(s) = -8*s - 176. Let x(f) = -3*f + 8. Let g(k) = -l(k) - x(k). What is g(-15)?
3
Let k be -2 + 0 - (-10 + (8 - 2)). Let z be -9 - k*(-18)/6. Let l(i) = 2*i**2 + 4*i + 4. Determine l(z).
10
Let g = 10274 - 10268. Let j(o) be the first derivative of -o + 1/3*o**3 - g + 9/2*o**2. Calculate j(-9).
-1
Let q(b) = b**3 - 14*b**2 - b + 8. Suppose 2*w - 107 + 2533 = -5*d, -3*d + 4*w - 1440 = 0. Let y = d + 498. Determine q(y).
-6
Suppose -5*t + 4 = 2*v - 9, 0 = 2*v + 3*t - 11. Let y(b) = -b**3 - 55 + 58 - 6*b**2 - 7*b + v*b. Calculate y(-4).
-17
Suppose -9*l - 11 = -74. Suppose -3*k = 2*r - l, 6*r - r - 29 = 4*k. Suppose r*a + d = -2 + 7, 2*d + 12 = a. Let i(h) = h**2 + 1. Determine i(a).
5
Let r(m) = -3*m - 10. Let p = 6532 + -6531. Calculate r(p).
-13
Let l be ((-84)/(-35))/((-20)/(-4150)). Let r = l - 504. Let f(h) = -h**2 - 5. Determine f(r).
-41
Let s(n) = n**3 - 17*n**2 + 15*n + 13. Let o(w) = 2*w + 4. Let g be o(25). Suppose -g = -3*b + 3*j, 5*b = -j + 22 + 56. Calculate s(b).
-3
Let f(m) be the second derivative of -m**5/20 - m**4/3 + m**3/3 - 6*m**2 - 880*m. Give f(-5).
3
Let v(d) = d + 1. Let u(k) = -k**2 + 4*k + 7. Let l be u(5). Let i be (-34)/(-3) + (l/3 - 1). Suppose 0 = 4*x - 5*m + 15, -3*x + 0 = -4*m + i. Determine v(x).
-4
Let p(x) = -x**3 + 2*x**2 + 15*x + 10. Let d be 3*75*(-28)/(-1260). Give p(d).
10
Let h(z) = -86*z**2 + 6*z + 1. Let s(k) = 17*k**2 - k. Let g(f) = 2*h(f) + 11*s(f). Determine g(-1).
16
Let n(f) = 765*f**3 + 762*f**3 + 758*f**3 - 45 - 2286*f**3 - 14*f**2 - 15*f**2 - 30*f. Calculate n(-28).
11
Let l(c) = -32*c + 24. Let j(o) = -17*o + 2. Let n(w) = -6*j(w) + 3*l(w). What is n(-8)?
12
Let k = -832 + 854. Suppose 3*g = 3*t - 18, 4*g + k = 3*t + 4. Let u(z) = -z**3 + 6*z**2 - 2*z + 9. Calculate u(t).
-3
Let d be (6/8)/((-8)/(-160)). Let m(t) = -t**2 + 12*t + 42. Let s be m(d). Let q(n) = 6*n**2 + n - 2. Determine q(s).
49
Let m(n) = -n**3 - 5*n**2 + 3. Let y be m(0). Let u(r) = 60*r + r**y + r**3 - 7*r**2 - 58*r - 8 - r**3. Determine u(7).
6
Let v(u) = 2*u**2 + 21*u + 5. Let k be -8 + (-3)/6*4. Determine v(k).
-5
Let s(u) = -u**3 + 9*u**2 - 8*u - 11. Let g(q) = -2*q**3 + 36*q**2 - 28*q - 33. Let x be g(17). Suppose x - 117 = -6*k. Calculate s(k).
-11
Let v(p) = -p**3 + 31*p**2 - 24*p - 179. Suppose 4*k + 24 = 0, 4*g = 20*k - 17*k + 138. Determine v(g).
1
Let c(d) = -d**3 + 22*d**2 - 41*d + 13. Let s be c(20). Let l(p) = 22*p + 7. Let m(k) = -32*k - 10. Let u(r) = s*l(r) - 5*m(r). Calculate u(-2).
-11
Let o(x) = -7 - x**2 + 0*x**2 - 3*x - 7*x**2 + 10*x**2 - 7*x. Calculate o(7).
21
Suppose 2*f = -3*f + 3*f. Suppose 19 = -2*h + 4*h + 5*u, -4*h + 4*u - 4 = f. Let a(z) = 3*z - 11*z**3 + 0*z - 2*z - z**h + 1 - 7*z**3. Give a(-1).
17
Let p(y) = 2814 - 4*y + 13*y - 2820. Determine p(-2).
-24
Let v = -838 + 840. Let f(d) be the thir